hest common divisor of h and 10.
10
Suppose 2*c + 2*q - 68 = -0*c, -c - 4*q + 46 = 0. Calculate the greatest common factor of c and 10.
10
Let c = 112 + -40. Calculate the highest common divisor of 24 and c.
24
Let f be (-4)/(1/1*-1). Let x(l) = -4*l - f - 2 - 2. Let u be x(-8). Calculate the greatest common factor of 12 and u.
12
Suppose 0 = -7*h + 333 - 11. Calculate the greatest common factor of h and 23.
23
Let h be (-6 - 0/3)*-2. Suppose -3*p - 17 = -5*x, -4 = -3*x + p + 3. Let f = h - x. What is the greatest common factor of f and 121?
11
Let z(l) = -2*l - 5. Let y be z(-5). Suppose -259 = -2*u - y*c, c = 5*u - 0*c - 661. What is the greatest common divisor of 12 and u?
12
Suppose -4*n + 0*y + y - 39 = 0, n = -4*y + 3. Let j = 3 + n. Let i(d) = d + 8. Let v be i(j). Calculate the greatest common factor of 4 and v.
2
Let d be 1/(-3) - (3840/9)/(-5). Calculate the greatest common divisor of 17 and d.
17
Let f = 30 - 14. Let a be (-2)/(-8) + (-510)/(-8). Calculate the greatest common divisor of a and f.
16
Suppose 3*s - 4*y - 45 = 0, -4*s = -2*s - 3*y - 30. Suppose s = k - 0. What is the greatest common divisor of 15 and k?
15
Suppose 2*j + 23 = 3. Let s = j - -20. Suppose 2*a - 3*a + s = 0. What is the greatest common factor of a and 20?
10
Let p(h) = 2*h**3 - 16*h**2 + 4*h - 2. Let t be p(8). What is the greatest common factor of t and 12?
6
Let u = 126 + -63. Suppose 4*z - 5*m - 27 = 2*z, 4*m + 21 = z. Let r(i) = 8*i - 1. Let f be r(z). Calculate the highest common divisor of u and f.
7
Let w = -2 + 9. Let f = 48 - 1. Let t = f - 12. Calculate the greatest common factor of w and t.
7
Let d(m) = -2*m - 1. Let l be d(-1). Let u(g) = g**3 + 5*g**2 - g - 2. Suppose -4 = b + 1. Let r be u(b). What is the greatest common divisor of r and l?
1
Let b be 36*(8/4)/4. Calculate the greatest common factor of 18 and b.
18
Suppose 0*x - x - m = -4, 5*x = m + 50. Let a(b) = -8*b**3 + 3*b**2 + 3*b + 2. Let f be a(-2). What is the highest common divisor of x and f?
9
Suppose 5*p + 0*z - 23 = 3*z, 0 = -p - 3*z + 1. What is the greatest common factor of p and 4?
4
Let r = -143 - -211. Calculate the greatest common divisor of r and 17.
17
Suppose 2*a = 10, y - 12 - 7 = -2*a. Let d be (-187)/(-3) - 4/(-6). Calculate the highest common factor of y and d.
9
Suppose 2*q + 2*u = 7 + 9, 0 = 4*q - u - 37. Let n = -65 + 137. What is the greatest common divisor of q and n?
9
Let p be (-30)/(-4)*(-2)/(-1). Let s(w) = -w**2 + 4*w + 3. Let y be s(4). Suppose y*g - 18 = -0*g. What is the greatest common divisor of g and p?
3
Let l = -87 + 147. Let k(i) = -i + 1. Let q(z) = 3*z + 5. Let d(s) = 2*k(s) + q(s). Let h be d(5). What is the highest common divisor of h and l?
12
Let c(p) = -p**3 + 3*p**2 + 13*p - 5. Let k be c(5). What is the highest common divisor of k and 20?
10
Suppose 2*z = 15 + 217. Suppose 2*h + 119 = 19. Let q = h + z. Calculate the highest common divisor of 6 and q.
6
Let y = 3 + 2. What is the highest common divisor of 55 and y?
5
Let u = 10 - 4. Suppose 4*r - 38 = -u. What is the greatest common divisor of 1 and r?
1
Let u = 2 - 0. Suppose -u*j - 2 = -34. Suppose 4*k - 104 = 344. What is the highest common divisor of j and k?
16
Let p(x) = 4*x + 41. Let a be p(-5). What is the greatest common factor of 42 and a?
21
Suppose 4*b - 2*b - 5 = j, 45 = -3*j - 4*b. Let l(r) = -r**3 - 12*r**2 - 17*r - 6. Let y be l(j). What is the highest common divisor of 40 and y?
20
Suppose 4*c + 71 = u, 4*u - 5*c - 262 = -0*c. Calculate the greatest common factor of 7 and u.
7
Let u be (-12)/(-5) - (-8)/(-20). Suppose -7*t + 10 = -u*t. What is the highest common divisor of t and 10?
2
Suppose -q = 3, -d - 2*q - 15 = 1. Let o be 8/20 - 236/d. What is the highest common divisor of 3 and o?
3
Suppose 4 = 2*w - 2*q, -3 = -w + 3*q + 1. Let p = w - -8. Let u be (0 - 10)*(-18)/4. What is the greatest common factor of u and p?
9
Let c(o) = -5*o - 14. Let u be c(-5). Suppose -4*b + u = -5. Calculate the highest common factor of b and 16.
4
Let w(o) = 4*o**3 + 3*o**2 + 3*o + 2. Let k be w(-2). Let y = 54 + k. Calculate the greatest common divisor of y and 10.
10
Let q be 126/8 - 9/(-36). Let o(r) = 8*r. Let x be o(2). Calculate the highest common factor of x and q.
16
Let l be 21/(-2*3/(-4)). Let y = 284 - 186. What is the highest common divisor of y and l?
14
Suppose 15 = -2*y - 3*g, 3*y - g = g - 42. Let n be (21/y)/((-2)/24). Suppose -h = 3*h - 252. Calculate the greatest common factor of h and n.
21
Let x = -10 + 65. Let z be (-1 + -2)/((-12)/88). Calculate the highest common divisor of x and z.
11
Suppose 0 = -y + 4*f + 15, 2*f - 36 = -4*y + 6*f. Let g = 3 - 2. Let u = 48 + g. Calculate the greatest common divisor of u and y.
7
Suppose 324 = 5*f - 336. What is the greatest common factor of f and 12?
12
Suppose 38 = 3*p - 61. Calculate the greatest common divisor of p and 3.
3
Suppose 4*g + 144 = -4*b, 0*g = -g + 2*b - 24. Let u = -20 - g. Calculate the greatest common factor of 12 and u.
12
Let c be (8/(-10))/((-6)/15). Let v = 24 - 8. Calculate the highest common factor of c and v.
2
Suppose 0 = 5*u - 25 - 60. Calculate the highest common factor of u and 119.
17
Suppose -63*f + 90 = -62*f. What is the greatest common factor of f and 18?
18
Suppose 5*q - 3*q - 10 = 0. Suppose -3*m + q*m = -8. Let r be (-440)/(-36) + m/18. What is the greatest common divisor of r and 12?
12
Let x be 6*2*66/8. Let l be (4/10)/(2/10). Let t = 13 - l. Calculate the greatest common factor of t and x.
11
Let m = -52 + 107. Let t = m + -28. What is the greatest common factor of 81 and t?
27
Let a(r) = 108*r. Let h(d) = -755*d. Let o(i) = -20*a(i) - 3*h(i). Let t be o(1). Calculate the greatest common factor of 15 and t.
15
Suppose 0 = 4*s + 4, -s - s - 98 = -2*n. What is the highest common factor of 168 and n?
24
Let h(u) = u + 4. Let v be h(-4). Let j(x) = -x**3 + x**2 + x + 4. Let o be j(v). Suppose t - 715 = -o*t. Calculate the greatest common divisor of 13 and t.
13
Suppose -5*p = 4*w - 190, -w + 76 = 2*p + 4*w. What is the highest common divisor of p and 304?
38
Let u(w) = -w**2 + 4*w. Let c be u(3). Let b = -3 - 1. Let s be 3/(-2) + (-90)/b. What is the highest common divisor of s and c?
3
Let r = 39 + -19. Calculate the greatest common factor of 160 and r.
20
Let g = -14 - -16. Suppose -31 = -g*d + 19. What is the greatest common factor of d and 5?
5
Let q(v) = 14*v**2 - 4*v - 11. Let i be q(5). Let d(h) = h**2 + 6*h + 2. Let f be d(-9). What is the greatest common divisor of i and f?
29
Let h be (-4)/2 - (1 - 7). Suppose 9 - 169 = -h*j. What is the highest common divisor of j and 5?
5
Suppose -l + 260 - 10 = 3*t, l - 4 = 0. Suppose -4*q + t = 4*p - 2*p, -q + 5*p + 48 = 0. Let w = 306 + -122. What is the highest common factor of w and q?
23
Suppose -2*c + 15 = 7. Suppose -5*r - 12 = -r + 5*j, -4*r - j = -c. Let q be r/4 + (-39)/(-2). What is the highest common divisor of q and 30?
10
Suppose -4*j = 5*k - 125, 6*j - 3*k = 3*j + 114. Calculate the greatest common factor of j and 14.
7
Suppose 5*k = 2*u - 45, -4*k - 36 - 42 = -3*u. Calculate the highest common factor of u and 30.
30
Suppose 7*d + d = 128. What is the highest common factor of 8 and d?
8
Let h be -2 - (5 - (-2 + 3)). Let n = 1 - h. What is the greatest common divisor of n and 77?
7
Let o(i) = i**3 - 5*i**2 + i - 2. Let z be o(5). Suppose 15 = n + 4*n. Suppose 0 = n*h - 6*h + 45. Calculate the highest common factor of z and h.
3
Let f(v) = -3*v + 13. Suppose -20 = 2*q - 2. Let d be f(q). Calculate the highest common factor of d and 8.
8
Suppose 5*s + 26 = -3*k, 3*s - 27 = 4*k + 2*s. Let c = 16 + k. Calculate the greatest common factor of c and 36.
9
Let n be (-209)/(-9) - (-4)/(-18). Let c(d) = -d**3 + 19*d**2 + 9*d + 36. Let a be c(19). What is the highest common divisor of n and a?
23
Let r(n) = n**2 + 14*n - 8. Let h be r(-13). Let d = -19 - h. What is the greatest common divisor of 12 and d?
2
Let v(b) = 14*b - 5. Let p(x) = 55*x - 21. Let q(m) = 2*p(m) - 9*v(m). Let t be q(2). Let d = 45 + t. What is the greatest common factor of 2 and d?
2
Let r = -6 - -8. Let h(s) = 2*s**2 - r*s + 0*s**2 + 1 - s - 4*s. Let n be h(5). What is the highest common factor of n and 40?
8
Let c(k) = -6*k - 34. Let v be c(-9). What is the greate